 3*c = 3*t - 11 - 4, -35 = -5*t - 5*c. Let p be (2 - 1) + (9 - 0). What is the remainder when (-104)/(-10) - (-6)/p is divided by t?
5
Let n(p) = -4*p**2 + 6*p - 6. Let w be (-1 + 0)*-5 - -1. Let l(d) = d - 1. Let t(y) = w*l(y) - n(y). What is the remainder when 30 is divided by t(-2)?
14
Suppose w - 2*u - 16 = -3*u, -64 = -4*w + 2*u. Suppose -5*m + 3*x + 7 = -3*m, -2*x + 6 = 4*m. Calculate the remainder when w is divided by ((-1)/m)/(1/(-18)).
7
Suppose -3*f = 3*w - 39, 2*w + f = -0*f + 29. Let s = w + -6. Calculate the remainder when 17 is divided by s.
7
Let w(r) = 2*r**2 - 9*r - 4. Let d = 3 + 4. Calculate the remainder when w(d) is divided by 11.
9
Let p = -283 + 424. What is the remainder when p is divided by 48?
45
Suppose -6*l + 11*l = 5. What is the remainder when (-5 - -7) + l*22 is divided by 9?
6
Let z = -14 + 30. Calculate the remainder when 40 is divided by z.
8
Let v(c) = -5*c - 1. Let q(u) = -u**2 + 11*u + 16. Calculate the remainder when q(9) is divided by v(-2).
7
Suppose -2*j - d = -89, 2*j - 4*d - 95 = -1. Let q = j + -66. Let u = -15 - q. What is the remainder when u is divided by 4?
2
Let x = -16 - -30. Let j = x - -2. What is the remainder when 30 is divided by j?
14
Let s = 45 - 41. What is the remainder when 6 is divided by s?
2
Let j = 53 + -32. What is the remainder when j is divided by 14?
7
Let s(c) = 11*c**3 + 14*c**2 + 2*c - 13. Let l(y) = 5*y**3 + 7*y**2 + y - 6. Let d(r) = 9*l(r) - 4*s(r). Calculate the remainder when d(-5) is divided by 11.
10
Let z(i) = -2*i + 2. Suppose -5*v - 4*c = 0, 4*v = -v + c - 25. What is the remainder when 37 is divided by z(v)?
7
Suppose -w - 5 = -0*w, 0 = 4*i - 4*w - 40. Let z(s) = -s**3 - s**2 + 4. Let o be z(0). Let u = o + 10. What is the remainder when u is divided by i?
4
Suppose -5*m + 247 = 137. Let k(w) = w + 0*w - 4 + w. Calculate the remainder when m is divided by k(6).
6
Suppose 2*a + 3*o = -o + 166, -3*a - 5*o = -244. Calculate the remainder when a is divided by 19.
16
Suppose -5*p = -2*p - 93. What is the remainder when p is divided by -34*-1*(-1)/(-2)?
14
Calculate the remainder when 29 is divided by (-16)/(-5 - (-1 - 2)).
5
Let k = 7 - 5. Suppose -2*i - 344 = -4*y, -i + 248 = 5*y - 2*y. Suppose k*g + 2*g = y. Calculate the remainder when g is divided by 8.
5
Let q be 4/8 + (-18)/4. What is the remainder when -1*6*(-11)/3 is divided by q/10 - (-42)/5?
6
Let k(n) = 17*n**3 + 2*n**2 - 1. Suppose -3*a = -2*a + 21. Let z = -11 - a. Calculate the remainder when k(1) is divided by z.
8
Suppose -4*u - 2*f + 17 = 3*f, -4*u + 7 = 3*f. Let a(t) = 4*t**2 + 4*t + 2. What is the remainder when 39 is divided by a(u)?
9
Let a = -14 - -28. What is the remainder when 83 is divided by a?
13
Suppose -20*g + 23 = -19*g. Calculate the remainder when 44 is divided by g.
21
Let z = 59 + -18. Calculate the remainder when 285 is divided by z.
39
Let f(p) = 2*p + 6. Let o be f(4). Suppose -16*w + o*w + 8 = 0. What is the remainder when 14 is divided by w?
2
Let v be 2/(-8) - 171/(-12). Let k = 15 + -11. What is the remainder when 4/v - (-150)/14 is divided by k?
3
Let z(b) = -b**2 + 7*b - 3. Let n be 2/(-1 - -3)*4. Calculate the remainder when 35 is divided by z(n).
8
Let g(u) = -26*u**3 + 2*u + 1. Let v be g(-1). Suppose 3*p - 4*p - 41 = -2*a, a - v = -p. What is the remainder when a is divided by 8?
6
Let n be -2 - (0 - 0)/(-2). Let x be (0/n)/(3 - 1). Suppose x*r = 3*r - 2*j - 5, -6 = -4*r + 3*j. Calculate the remainder when r is divided by 2.
1
Suppose 0 = 3*w + t - 274, 362 = 4*w - 2*t + 5*t. What is the remainder when w is divided by 34?
24
Let t be (-8)/(2*(-1 + 0)). Let a = t + -4. Suppose -5*i + 148 - 48 = a. Calculate the remainder when 58 is divided by i.
18
Suppose 0 = 4*c - 5*q - 585, -c + 575 = 3*c + 5*q. Calculate the remainder when c is divided by 37.
34
Suppose 5*i + 5 = 0, -5*i + 1 - 6 = 4*q. Suppose -4*b + 2*g + 26 = q, -3*g + 52 = 5*b + g. Calculate the remainder when 29 is divided by b.
5
Let o be 1*0*2/6. Let h(y) = 0 - y**2 + 8 + y + 0. What is the remainder when 30 is divided by h(o)?
6
Let m = 5 - 2. Suppose m*u - 110 = u. Calculate the remainder when u is divided by 19.
17
Suppose -13*w - 231 = -751. Calculate the remainder when 75 is divided by w.
35
Suppose 5*j + 5 - 10 = 0. Suppose 17 + j = 2*h. What is the remainder when h is divided by 6?
3
Let p(b) = -3*b - 7. Calculate the remainder when 61 is divided by p(-13).
29
Suppose -15 = -4*f + 25. Let a = 19 + 19. What is the remainder when a is divided by f?
8
Suppose -5*g = -2*g - 15. Let j = -8 + 11. Suppose 0 = r + j*q - 23, 4*r = -r - q + 73. Calculate the remainder when r is divided by g.
4
Let p = 9 - 9. Suppose 8 = -p*s + 2*s. Suppose 4*r - 44 = -s*i - 0*i, 4*i = -r + 32. Calculate the remainder when 20 is divided by i.
6
Suppose -34 - 20 = -2*r. Let j = 51 - r. Suppose -44*n = -40*n - 52. Calculate the remainder when j is divided by n.
11
Let z = -186 - -200. What is the remainder when 20 is divided by z?
6
Let f = 13 - 2. Let i = f - 2. Calculate the remainder when 33 is divided by i.
6
Let l(h) = 3*h + 3. Suppose -4 - 2 = -2*q. Suppose 5*g + x - 182 + 3 = 0, 2*x = -5*g + 183. Calculate the remainder when g is divided by l(q).
11
Let r(z) = 2*z**2 + 28*z - 3. What is the remainder when 51 is divided by r(-15)?
24
Let g(f) = -f**3 + 5*f**2 + 8*f - 8. Calculate the remainder when (1/2)/(1/20) is divided by g(6).
2
Let z be (-8)/1 - (-5 - -4). Let i(v) = -v**2 + 1. Let p be i(-1). What is the remainder when 43 is divided by (z + 2 + p)*-3?
13
Let h be (-3 - 11) + 1/1. Let c = 24 + h. Calculate the remainder when c is divided by 6.
5
Let t = -3 + 8. Suppose t*u - 20 = 10. Calculate the remainder when 11 is divided by u.
5
Suppose -2*r = 5*o - 6*r - 37, 5*r = -3*o. Calculate the remainder when o is divided by 3.
2
Suppose -90 = -7*r - 3*r. What is the remainder when 52 is divided by r?
7
Let o(w) = 3*w**2 + 2. Let c be 0 - -3 - (6 - 6). Suppose 4*v + q - 37 = 5, c*q + 44 = 5*v. Calculate the remainder when o(3) is divided by v.
9
Suppose -c - h = -88, 348 = 4*c - 5*h + 8*h. What is the remainder when c is divided by 48?
36
Suppose 4*c = c + 18. What is the remainder when c is divided by 2?
0
Let m = 32 + 0. Let o(h) = -h**2 - 6*h + 3. Calculate the remainder when m is divided by o(-4).
10
Suppose -2*k + 10 = -8. What is the remainder when 26 is divided by k?
8
Suppose -26 = -2*x + 12. Let m = -91 - -126. Calculate the remainder when m is divided by x.
16
Let a(f) be the first derivative of 4*f**2 - f - 2. Calculate the remainder when 29 is divided by a(2).
14
Suppose -12 = -4*f + 2*i, 2 = 2*f - 3*i - 4. Let y = -14 - f. Let g = 32 + y. Calculate the remainder when 57 is divided by g.
12
Let j be 46/14 - 6/21. What is the remainder when 13 is divided by (1/j)/((-2)/(-30))?
3
Let g(m) = 3*m + 7. Calculate the remainder when g(7) is divided by (-4)/(-3)*(-255)/(-34).
8
Suppose -2*l - l = -q - 25, 5*q = -l + 35. What is the remainder when 28 is divided by l?
8
Let x be -3*4*3/(-9). Let i = -2 + 43. Suppose -5*c + b + i = -103, -x*b = -4. Calculate the remainder when c is divided by 10.
9
Suppose 4 = -3*m + 5*m. Let d = 61 - 40. Calculate the remainder when d is divided by (1 + 0)/(m/22).
10
Let t = -8 + 15. Let d(r) = -2*r - 10. Calculate the remainder when d(-11) is divided by t.
5
Let r = 1 - -4. Suppose -r*k + 2*c = -0*k - 270, 4*k = 4*c + 228. What is the remainder when k is divided by 18?
16
Suppose 5*k + 15 = -0*k. Let i(u) = 2*u**2 + 4*u + 3. Calculate the remainder when 26 is divided by i(k).
8
Suppose 0 = -5*c - 5*d + 860, -c = -0*d - 2*d - 163. Suppose 3*p + 28 - c = 0. Suppose -3*z = -p - 25. What is the remainder when z is divided by 13?
11
Let t(i) = -7*i**2 - 4*i - i**3 + 14*i**2 - 3*i + 3. Calculate the remainder when t(5) is divided by 7.
4
Calculate the remainder when 35 is divided by 6/(4*(-4)/(-32)).
11
Suppose -3*c = 4*r - 91, -2*r - 2*r = -c - 87. Calculate the remainder when (r/(-3))/((-2)/15) is divided by 14.
13
Suppose 0 = a - 2*m - 15 - 7, -8 = a + 4*m. Calculate the remainder when 35 is divided by a.
11
Let l be 14/(1/((-3)/2)). Suppose -3*p + 4*p = 2*v + 70, -4*v = 5*p + 140. Let r = l - v. What is the remainder when r is divided by 8?
6
Let j be (-2 - -2) + 2 - -18. Suppose -u + j = u